 (base 5) to base 7
-335
Convert -a81 (base 16) to base 4.
-222001
-6d47 (base 16) to base 6
-333303
Convert -14432 (base 7) to base 16.
-f98
223032 (base 5) to base 11
5a25
-1000101101 (base 2) to base 3
-202122
-5642 (base 7) to base 14
-a59
What is -14ab (base 15) in base 8?
-10524
3b50 (base 13) to base 6
103231
4d38 (base 14) to base 11
a220
Convert -451 (base 7) to base 4.
-3220
-44d (base 15) to base 13
-59b
-18a4 (base 12) to base 3
-11010021
62043 (base 7) to base 4
3230103
Convert -34a (base 12) to base 14.
-270
57 (base 14) to base 5
302
29832 (base 11) to base 4
22110120
Convert -1050b (base 12) to base 6.
-243215
-10011101 (base 2) to base 9
-184
-13ab (base 14) to base 9
-4700
Convert 1001011100010110 (base 2) to base 6.
455022
Convert -2000221 (base 3) to base 14.
-77d
Convert 1110420 (base 5) to base 3.
222201200
What is 1313 (base 13) in base 5?
41340
What is -65934 (base 10) in base 16?
-1018e
Convert -888 (base 9) to base 12.
-508
14204 (base 5) to base 13
6c9
286 (base 13) to base 2
111000000
What is -335324 (base 6) in base 13?
-cc22
Convert 12320 (base 7) to base 13.
162b
What is 672 (base 13) in base 8?
2123
-2626 (base 8) to base 16
-596
Convert -10101110 (base 2) to base 15.
-b9
121d0 (base 14) to base 7
243050
What is 1962 (base 11) in base 3?
10102011
1001012 (base 3) to base 11
632
What is 2b34 (base 12) in base 10?
5080
What is 120211 (base 8) in base 6?
514133
Convert 11000011101 (base 2) to base 9.
2128
1020010222 (base 3) to base 7
130310
What is 2354 (base 6) in base 3?
210021
What is -31a9 (base 11) in base 10?
-4233
Convert e8ff (base 16) to base 7.
335620
What is -1476 (base 9) in base 2?
-10001100010
Convert -1303000 (base 4) to base 15.
-22aa
Convert -30043 (base 12) to base 14.
-18991
3900 (base 12) to base 2
1100101010000
41073 (base 8) to base 7
100301
Convert 938b (base 13) to base 9.
30871
What is -4827 (base 11) in base 12?
-37a9
What is 2003 (base 6) in base 7?
1161
1161 (base 8) to base 2
1001110001
Convert 13432 (base 7) to base 13.
1879
Convert -3464 (base 7) to base 9.
-1662
Convert -640 (base 14) to base 6.
-5412
What is -21325 (base 6) in base 5?
-43213
Convert -63622 (base 8) to base 2.
-110011110010010
-15516 (base 7) to base 13
-1cb6
-211100 (base 4) to base 3
-10021022
-3501 (base 9) to base 7
-10363
Convert 1558 (base 12) to base 9.
3405
What is 30034 (base 5) in base 12?
111a
Convert 59c8 (base 14) to base 15.
4990
Convert -55635 (base 7) to base 15.
-4260
What is 21040 (base 6) in base 4?
230100
What is 813 (base 13) in base 5?
20433
Convert -4250 (base 6) to base 15.
-446
-40426 (base 7) to base 8
-23134
What is 589a (base 12) in base 2?
10011010110110
Convert -637 (base 12) to base 14.
-48b
Convert -1157 (base 9) to base 7.
-2341
111110010 (base 3) to base 9
14403
Convert -11115 (base 11) to base 5.
-1003414
What is 14954 (base 11) in base 5?
1133423
What is -4526 (base 7) in base 5?
-23022
-100101000 (base 2) to base 8
-450
Convert -23421 (base 5) to base 2.
-11011001000
-121 (base 10) to base 11
-100
What is -12b1 (base 13) in base 5?
-41204
What is 30045 (base 6) in base 12?
2325
Convert 1010000111 (base 2) to base 16.
287
Convert 12213322 (base 4) to base 11.
19424
What is c518 (base 15) in base 14?
1126c
-22200111 (base 3) to base 6
-45151
Convert -373 (base 16) to base 3.
-1012201
-26bf (base 16) to base 15
-2e14
-5323 (base 8) to base 3
-10210122
-30302110 (base 4) to base 11
-36391
-1651 (base 10) to base 7
-4546
Convert -1020 (base 8) to base 16.
-210
What is -3e8 (base 15) in base 8?
-1575
Convert 10211 (base 8) to base 11.
31a9
Convert 110011100011 (base 2) to base 9.
4465
What is 2214 (base 9) in base 8?
3141
-1663 (base 7) to base 9
-837
What is -183 (base 9) in base 2?
-10011100
Convert 411204 (base 5) to base 10.
13304
What is 22120012 (base 3) in base 16?
1862
c6 (base 14) to base 9
213
What is -111122 (base 3) in base 13?
-224
Convert 3a7 (base 15) to base 13.
4c0
Convert 57a3 (base 11) to base 4.
1312333
Convert -299 (base 11) to base 8.
-536
-201022022 (base 3) to base 7
-56015
Convert 612 (base 15) to base 8.
2527
Convert 2d (base 16) to base 6.
113
Convert -1100110000 (base 2) to base 7.
-2244
What is -1956 (base 11) in base 4?
-212301
What is 21c (base 13) in base 8?
553
Convert 21000212 (base 3) to base 13.
2444
-a76 (base 15) to base 9
-3213
Convert 30013 (base 4) to base 7.
2155
-231 (base 10) to base 6
-1023
What is -8b9 (base 15) in base 5?
-30344
What is -4916 (base 10) in base 3?
-20202002
Convert 4012 (base 12) to base 6.
52022
-191b (base 14) to base 13
-20a9
Convert 206 (base 12) to base 11.
248
-24824 (base 11) to base 5
-2114400
Convert 1444 (base 8) to base 7.
2226
What is 11714 (base 8) in base 16?
13cc
What is 101101000011 (base 2) in base 14?
109d
What is -1646 (base 9) in base 16?
-4e9
-323406 (base 7) to base 16
-dc86
20ba (base 12) to base 16
e0e
What is 172 (base 13) in base 3?
100201
What is 237 (base 14) in base 3?
121100
-15524 (base 8) to base 3
-100121010
What is 152505 (base 7) in base 4?
13100310
What is -488 (base 11) in base 8?
-1104
-286 (base 12) to base 13
-240
2275 (base 8) to base 15
55d
-575 (base 16) to base 8
-2565
What is 5248 (base 9) in base 13?
19a3
Convert -37579 (base 12) to base 14.
-1d537
-17ab8 (base 12) to base 15
-a2e2
What is 230001 (base 4) in base 16?
b01
Convert 144226 (base 7) to base 15.
8401
What is -c8 (base 15) in base 6?
-512
What is -7642 (base 16) in base 3?
-1112112021
Convert -1002220 (base 3) to base 13.
-4a1
What is 441 (base 11) in base 7?
1354
Convert -224 (base 7) to base 16.
-74
What is -1023 (base 6) in base 13?
-14a
13222 (base 4) to base 5
3430
-10165 (base 8) to base 15
-13ad
384 (base 10) to base 14
1d6
-332003 (base 4) to base 6
-30215
What is 11012 (base 4) in base 14?
194
What is 67526 (base 8) in base 10?
28502
Convert -230232 (base 5) to base 13.
-3962
Convert 10010001001 (base 2) to base 14.
5cd
What is -8a46 (base 15) in base 3?
-1111012210
Convert -17b (base 12) to base 5.
-1424
2642 (base 7) to base 12
702
46739 (base 10) to base 4
23122103
5aa9 (base 11) to base 15
2574
What is -101201220 (base 3) in base 8?
-17223
What is df (base 16) in base 9?
267
Convert -32321 (base 9) to base 15.
-651d
What is 2232 (base 5) in base 4?
10331
Convert -11 (base 5) to base 2.
-110
Convert 2002203 (base 4) to base 9.
12413
Convert 37e (base 15) to base 10.
794
Convert 32420 (base 5) to base 16.
8bb
Convert 36172 (base 9) to base 12.
1200b
Convert -32422 (base 6) to base 11.
-3401
-163c (base 15) to base 10
-4782
What is 5161 (base 14) in base 13?
64b0
36023 (base 9) to base 16
5e0e
What is 9 (base 12) in base 6?
13
-193 (base 16) to base 8
-623
What is 88 (base 10) in base 9?
107
-1041 (base 13) to base 7
-6363
4a8 (base 15) to base 5
13213
What is -633 (base 8) in base 7?
-1125
What is 8304 (base 10) in base 7?
33132
What is -244232 (base 5) in base 16?
-2465
What is 245434 (base 6) in base 12?
1087a
25313 (base 6) to base 15
11c9
Convert 419c (base 16) to base 9.
25032
Convert -148 (base 11) to base 14.
-c5
What is 142345 (base 6) in base 10?
13529
-33545 (base 6) to base 7
-16556
Convert -24220 (base 7) to base 2.
-1100010001110
Convert -31021 (base 5) to base 16.
-7db
-4076 (base 10) to base 5
-112301
What is -555041 (base 6) in base 11?
-31a01
Convert -221333 (base 5) to base 9.
-11525
-10b9 (base 15) to base 11
-2737
Convert -295 (base 10) to base 4.
-10213
Convert 10031031 (base 4) to base 9.
25563
Convert -20158 (base 12) to base 11.
-29355
Convert 1036 (base 8) to base 3.
202002
What is 187 (base 14) in base 2?
100111011
What is -13eca (base 16) in base 6?
-1425454
Convert 2132011 (base 5) to base 14.
d438
Convert 2d (base 16) to base 8.
55
Convert -1001111110001 (base 2) to base 10.
-5105
What is 32000 (base 5) in base 9?
2821
100101100110010 (base 2) to base 3
222101222
-bb (base 12) to base 6
-355
Convert 12012220 (base 3) to base 4.
323130
What is 805 (base 10) in base 12?
571
Convert -b272 (base 12) to base 7.
-110336
What is -413 (base 8) in base 9?
-326
-2142 (base 5) to base 7
-603
What is 40215 (base 6) in base 13?
2522
Convert -4393 (base 11) to base 4.
-1122131
Convert 602f (base 16) to base 15.
7468
db7 (base 14) to base 7
10620
Convert -4190 (base 13) to base 5.
-242244
